 by 73.
44
What is the remainder when 734 is divided by 128?
94
What is the remainder when 1456 is divided by 87?
64
Calculate the remainder when 1023 is divided by 16.
15
What is the remainder when 115 is divided by 36?
7
Calculate the remainder when 584 is divided by 13.
12
Calculate the remainder when 812 is divided by 262.
26
What is the remainder when 574 is divided by 4?
2
Calculate the remainder when 8317 is divided by 32.
29
Calculate the remainder when 324 is divided by 33.
27
What is the remainder when 35 is divided by 2?
1
What is the remainder when 3128 is divided by 27?
23
Calculate the remainder when 150 is divided by 24.
6
Calculate the remainder when 129 is divided by 104.
25
Calculate the remainder when 2272 is divided by 104.
88
What is the remainder when 824 is divided by 49?
40
Calculate the remainder when 609 is divided by 134.
73
What is the remainder when 635 is divided by 446?
189
What is the remainder when 46 is divided by 18?
10
What is the remainder when 2389 is divided by 13?
10
What is the remainder when 9597 is divided by 80?
77
Calculate the remainder when 410 is divided by 383.
27
What is the remainder when 1233 is divided by 133?
36
What is the remainder when 1878 is divided by 371?
23
Calculate the remainder when 296 is divided by 100.
96
Calculate the remainder when 250 is divided by 118.
14
What is the remainder when 247 is divided by 83?
81
What is the remainder when 35 is divided by 25?
10
Calculate the remainder when 900 is divided by 280.
60
Calculate the remainder when 7676 is divided by 9.
8
Calculate the remainder when 3919 is divided by 28.
27
What is the remainder when 81 is divided by 15?
6
Calculate the remainder when 1549 is divided by 131.
108
What is the remainder when 7708 is divided by 13?
12
What is the remainder when 22855 is divided by 19?
17
Calculate the remainder when 2895 is divided by 42.
39
What is the remainder when 107 is divided by 18?
17
What is the remainder when 108 is divided by 81?
27
Calculate the remainder when 136 is divided by 30.
16
Calculate the remainder when 663 is divided by 276.
111
What is the remainder when 38 is divided by 11?
5
Calculate the remainder when 456 is divided by 22.
16
What is the remainder when 9149 is divided by 88?
85
Calculate the remainder when 952 is divided by 142.
100
What is the remainder when 319 is divided by 40?
39
What is the remainder when 633 is divided by 93?
75
What is the remainder when 287 is divided by 24?
23
Calculate the remainder when 594 is divided by 7.
6
Calculate the remainder when 227 is divided by 58.
53
What is the remainder when 152 is divided by 85?
67
Calculate the remainder when 16 is divided by 5.
1
Calculate the remainder when 223 is divided by 15.
13
Calculate the remainder when 79 is divided by 42.
37
Calculate the remainder when 407 is divided by 51.
50
Calculate the remainder when 363 is divided by 92.
87
Calculate the remainder when 112 is divided by 29.
25
Calculate the remainder when 93 is divided by 49.
44
Calculate the remainder when 142 is divided by 52.
38
Calculate the remainder when 395 is divided by 6.
5
Calculate the remainder when 70 is divided by 27.
16
What is the remainder when 6521 is divided by 14?
11
What is the remainder when 3861 is divided by 23?
20
What is the remainder when 1438 is divided by 32?
30
What is the remainder when 286 is divided by 74?
64
What is the remainder when 1609 is divided by 70?
69
What is the remainder when 43604 is divided by 135?
134
What is the remainder when 725 is divided by 55?
10
What is the remainder when 1637 is divided by 18?
17
Calculate the remainder when 927 is divided by 30.
27
Calculate the remainder when 129 is divided by 11.
8
Calculate the remainder when 5718 is divided by 15.
3
Calculate the remainder when 31 is divided by 16.
15
Calculate the remainder when 77 is divided by 8.
5
Calculate the remainder when 1244 is divided by 251.
240
Calculate the remainder when 465 is divided by 30.
15
What is the remainder when 106 is divided by 10?
6
What is the remainder when 629 is divided by 277?
75
Calculate the remainder when 490 is divided by 81.
4
What is the remainder when 644 is divided by 249?
146
Calculate the remainder when 293 is divided by 151.
142
What is the remainder when 264 is divided by 67?
63
Calculate the remainder when 58 is divided by 12.
10
What is the remainder when 34 is divided by 26?
8
Calculate the remainder when 17156 is divided by 312.
308
What is the remainder when 39 is divided by 12?
3
What is the remainder when 232 is divided by 48?
40
What is the remainder when 765 is divided by 13?
11
Calculate the remainder when 49 is divided by 18.
13
Calculate the remainder when 449 is divided by 157.
135
Calculate the remainder when 1819 is divided by 881.
57
What is the remainder when 975 is divided by 98?
93
Calculate the remainder when 2711 is divided by 8.
7
What is the remainder when 1451 is divided by 52?
47
What is the remainder when 23 is divided by 12?
11
What is the remainder when 811 is divided by 136?
131
Calculate the remainder when 49 is divided by 5.
4
What is the remainder when 1503 is divided by 213?
12
Calculate the remainder when 11766 is divided by 5880.
6
What is the remainder when 76 is divided by 6?
4
Calculate the remainder when 14274 is divided by 166.
164
Calculate the remainder when 559 is divided by 107.
24
Calculate the remainder when 372 is divided by 66.
42
Calculate the remainder when 629 is divided by 15.
14
What is the remainder when 788 is divided by 38?
28
Calculate the remainder when 4857 is divided by 7.
6
What is the remainder when 230 is divided by 89?
52
What is the remainder when 4885 is divided by 271?
7
Calculate the remainder when 2819 is divided by 91.
89
Calculate the remainder when 1342 is divided by 21.
19
Calculate the remainder when 127 is divided by 72.
55
What is the remainder when 486 is divided by 47?
16
Calculate the remainder when 366 is divided by 116.
18
What is the remainder when 114 is divided by 51?
12
What is the remainder when 1244 is divided by 52?
48
What is the remainder when 64 is divided by 5?
4
What is the remainder when 242 is divided by 216?
26
Calculate the remainder when 1392 is divided by 34.
32
What is the remainder when 669 is divided by 231?
207
Calculate the remainder when 591 is divided by 37.
36
What is the remainder when 978 is divided by 169?
133
What is the remainder when 71 is divided by 29?
13
What is the remainder when 1179 is divided by 37?
32
What is the remainder when 239 is divided by 40?
39
Calculate the remainder when 1989 is divided by 11.
9
What is the remainder when 2741 is divided by 884?
89
Calculate the remainder when 48 is divided by 9.
3
Calculate the remainder when 925 is divided by 219.
49
What is the remainder when 4700 is divided by 939?
5
Calculate the remainder when 9364 is divided by 19.
16
What is the remainder when 14356 is divided by 173?
170
What is the remainder when 1506 is divided by 81?
48
What is the remainder when 53 is divided by 23?
7
What is the remainder when 41 is divided by 11?
8
What is the remainder when 4597 is divided by 26?
21
What is the remainder when 541 is divided by 136?
133
Calculate the remainder when 2773 is divided by 15.
13
What is the remainder when 502 is divided by 61?
14
What is the remainder when 136 is divided by 71?
65
Calculate the remainder when 1087 is divided by 121.
119
Calculate the remainder when 6565 is divided by 1640.
5
Calculate the remainder when 1055 is divided by 12.
11
Calculate the remainder when 222 is divided by 101.
20
What is the remainder when 166 is divided by 38?
14
What is the remainder when 2742 is divided by 49?
47
Calculate the remainder when 133 is divided by 46.
41
What is the remainder when 305 is divided by 44?
41
What is the remainder when 217 is divided by 5?
2
What is the remainder when 206 is divided by 49?
10
What is the remainder when 347 is divided by 87?
86
Calculate the remainder when 1376 is divided by 117.
89
What is the remainder when 389 is divided by 19?
9
What is the remainder when 290 is divided by 27?
20
What is the remainder when 1240 is divided by 413?
1
What is the remainder when 101 is divided by 6?
5
What is the remainder when 45 is di